te the greatest common divisor of 120 and 165.
15
What is the greatest common divisor of 10441 and 265?
53
What is the highest common divisor of 420 and 1176?
84
What is the highest common factor of 46 and 1702?
46
Calculate the greatest common factor of 185 and 5.
5
What is the highest common divisor of 102 and 238?
34
What is the greatest common factor of 213 and 284?
71
Calculate the greatest common divisor of 50 and 1250.
50
What is the highest common factor of 1068 and 228?
12
Calculate the highest common factor of 10 and 26.
2
What is the highest common factor of 1682 and 58?
58
What is the highest common divisor of 178 and 44678?
178
Calculate the greatest common factor of 249 and 332.
83
Calculate the greatest common factor of 4847 and 262.
131
What is the greatest common factor of 108 and 288?
36
Calculate the greatest common divisor of 310 and 10.
10
What is the highest common divisor of 96 and 120?
24
Calculate the greatest common factor of 180 and 3330.
90
Calculate the greatest common factor of 324 and 180.
36
What is the greatest common divisor of 490 and 1850?
10
Calculate the highest common factor of 2430 and 2565.
135
What is the greatest common divisor of 2865 and 30?
15
What is the highest common factor of 8 and 52?
4
Calculate the highest common factor of 2714 and 46.
46
What is the highest common factor of 11 and 3817?
11
Calculate the greatest common factor of 3308 and 12.
4
Calculate the greatest common divisor of 7 and 1162.
7
What is the greatest common factor of 84 and 63?
21
Calculate the greatest common divisor of 448 and 4984.
56
What is the greatest common factor of 578 and 442?
34
What is the highest common divisor of 13369 and 29?
29
What is the highest common divisor of 923 and 781?
71
What is the highest common factor of 14977 and 17?
17
What is the highest common divisor of 272 and 68?
68
What is the greatest common divisor of 474 and 39105?
237
Calculate the highest common factor of 25 and 145.
5
What is the greatest common divisor of 671 and 88?
11
What is the highest common factor of 2 and 34?
2
Calculate the greatest common factor of 108 and 918.
54
Calculate the highest common factor of 37 and 4551.
37
What is the greatest common divisor of 3875 and 651?
31
Calculate the greatest common factor of 1287 and 2717.
143
Calculate the greatest common divisor of 912 and 1425.
57
What is the greatest common divisor of 23 and 110?
1
What is the greatest common factor of 16 and 848?
16
Calculate the greatest common divisor of 13779 and 9.
9
Calculate the highest common divisor of 5757 and 101.
101
Calculate the greatest common factor of 80 and 69640.
40
Calculate the highest common divisor of 918 and 594.
54
What is the greatest common factor of 3456 and 640?
128
What is the greatest common factor of 25 and 6775?
25
Calculate the highest common divisor of 3888 and 1584.
144
What is the greatest common divisor of 231 and 7?
7
What is the highest common factor of 42 and 1246?
14
What is the highest common factor of 225 and 45?
45
Calculate the highest common factor of 55 and 385.
55
Calculate the highest common divisor of 121 and 2607.
11
What is the greatest common factor of 136 and 17?
17
Calculate the greatest common factor of 1981 and 2547.
283
What is the greatest common factor of 6142 and 664?
166
Calculate the greatest common factor of 67 and 1809.
67
What is the highest common factor of 132 and 176?
44
Calculate the highest common factor of 266 and 38.
38
Calculate the greatest common divisor of 7 and 784.
7
What is the highest common factor of 10 and 38?
2
Calculate the highest common divisor of 1080 and 160.
40
What is the greatest common factor of 476 and 56?
28
Calculate the greatest common factor of 2114 and 126.
14
Calculate the greatest common divisor of 2870 and 123.
41
What is the highest common factor of 66 and 825?
33
What is the highest common divisor of 462 and 1782?
66
What is the greatest common divisor of 198 and 846?
18
What is the highest common factor of 338 and 26?
26
Calculate the highest common divisor of 2343 and 11.
11
Calculate the highest common divisor of 876 and 648.
12
What is the greatest common divisor of 118 and 413?
59
What is the highest common factor of 875 and 500?
125
Calculate the highest common divisor of 203 and 18067.
203
What is the greatest common divisor of 169 and 13?
13
What is the greatest common factor of 276 and 207?
69
Calculate the highest common divisor of 9 and 49248.
9
Calculate the greatest common divisor of 2805 and 55.
55
What is the greatest common divisor of 528 and 253?
11
Calculate the highest common factor of 129 and 2.
1
What is the greatest common divisor of 46 and 874?
46
Calculate the highest common divisor of 20 and 740.
20
Calculate the greatest common factor of 81 and 153.
9
Calculate the highest common factor of 15 and 678.
3
What is the highest common factor of 11 and 1?
1
What is the greatest common factor of 164 and 4?
4
What is the greatest common divisor of 28 and 85?
1
Calculate the highest common factor of 108 and 9564.
12
Calculate the greatest common divisor of 99 and 8316.
99
Calculate the highest common divisor of 560 and 40.
40
Calculate the greatest common divisor of 44 and 374.
22
Calculate the highest common divisor of 45 and 72.
9
Calculate the highest common factor of 35715 and 15.
15
What is the greatest common factor of 106 and 13303?
53
Calculate the greatest common factor of 272 and 153.
17
What is the highest common divisor of 98 and 168?
14
Calculate the greatest common divisor of 273 and 28.
7
What is the greatest common divisor of 276 and 3?
3
What is the highest common divisor of 224 and 56?
56
What is the highest common divisor of 7357 and 7?
7
What is the highest common divisor of 4630 and 60?
10
What is the greatest common divisor of 105 and 126?
21
Calculate the highest common factor of 3091 and 121.
11
What is the highest common factor of 693 and 396?
99
What is the greatest common divisor of 846 and 799?
47
What is the greatest common divisor of 66 and 99?
33
What is the highest common divisor of 297 and 1881?
99
Calculate the greatest common factor of 308 and 176.
44
What is the highest common factor of 260 and 11570?
130
Calculate the greatest common divisor of 108 and 1548.
36
What is the greatest common factor of 210 and 7000?
70
What is the highest common factor of 4140 and 280?
20
Calculate the highest common divisor of 2289 and 21.
21
What is the highest common factor of 738 and 41?
41
Calculate the highest common divisor of 5415 and 45.
15
Calculate the greatest common factor of 95 and 15.
5
What is the highest common factor of 4 and 654?
2
What is the highest common divisor of 25 and 18475?
25
What is the greatest common divisor of 280 and 217?
7
Calculate the highest common factor of 172 and 8.
4
What is the highest common divisor of 1558 and 38?
38
What is the greatest common factor of 43 and 1161?
43
What is the greatest common divisor of 666 and 216?
18
Calculate the greatest common divisor of 2178 and 22.
22
What is the highest common factor of 248 and 1116?
124
Calculate the greatest common factor of 34 and 306.
34
Calculate the greatest common divisor of 11 and 187.
11
Calculate the greatest common factor of 864 and 1692.
36
Calculate the highest common factor of 120 and 36.
12
Calculate the greatest common factor of 148 and 481.
37
Calculate the highest common factor of 138 and 2286.
6
What is the highest common factor of 354 and 192?
6
Calculate the greatest common divisor of 48 and 936.
24
Calculate the highest common divisor of 1170 and 108.
18
What is the highest common factor of 252 and 476?
28
What is the highest common factor of 5152 and 161?
161
Calculate the highest common divisor of 196 and 336.
28
What is the greatest common factor of 91 and 65?
13
What is the highest common divisor of 38 and 38266?
38
What is the greatest common factor of 8064 and 756?
252
What is the highest common divisor of 33 and 1056?
33
Calculate the highest common factor of 452 and 30171.
113
What is the highest common factor of 62521 and 103?
103
Calculate the highest common factor of 2669 and 34.
17
What is the greatest common factor of 1420 and 20?
20
What is the highest common divisor of 225 and 3